2
What is the value of -193 + 240 + (1 - 43)?
5
What is the value of -8 - (25 + 2 + -14)?
-21
(12 - (-3 + 5 + -16)) + 1 + 5
32
13 + -23 + 15 + 0
5
What is -13 + (1 - -1) + (-1926 - -1918)?
-19
What is (-7 - -30) + (6 - -6)?
35
What is 0 + 8 - -2 - (56 - 47)?
1
Evaluate 7 + -10 + 8 - (0 - -21).
-16
Calculate -17 - (-4 + 5 + 0 + -3).
-15
What is the value of (-4 - 3) + (36 - 5)?
24
-1 - (-5 + (6 - 12)) - 2
8
What is -5 - ((-4 - (0 - 13)) + -23)?
9
What is 40 + -29 - (-4 + 6 + -2)?
11
Calculate 16 - (14 + (-11 - -9)).
4
Evaluate -36 + -31 + (-6 - -35).
-38
Evaluate (-32 + -4 - -18) + 39.
21
What is 15 + -2 + (4 - 8)?
9
Calculate -2 - (2 + -1) - (-20 + 8).
9
What is the value of -12 - (13 + -19 + 3)?
-9
What is 20 + -5 + 3 + -6 - (6 + 17)?
-11
What is 101 + 104 + -179 - (0 - 1 - -1)?
26
What is the value of (-1 - 1) + 8 + (558 - 551)?
13
What is the value of (6 - 21) + 2 + 1 + (-9 - -8)?
-13
4 + -11 + (-11 - (0 - 10))
-8
(51 - 57 - ((1 - -1) + -14)) + 2
8
-2 + 12 - (8 + 0 - (-21 - 11))
-30
(-15 - -18 - -11) + 9 + -3
20
Evaluate -39 + 19 - (4 - 11).
-13
What is the value of -1 + (3 + (-2 - 7) - -6)?
-1
(1 - -7) + -2 + 6 + -12
0
Calculate -38 - -35 - (-13 + -3) - 8.
5
What is the value of (1 - 7 - (-2 + 26 - 23)) + -6?
-13
-35 + 17 + 4 + 0
-14
What is -1 - 25 - (5 + 25 + -44)?
-12
Calculate -3 - -7 - (-10 + (2 - -4)).
8
Calculate 1 + 23 + (-19 - -5).
10
-3 - (-8 - (-32 + 34 - (-3 - -10)))
0
What is 7 - (5 - (1 + 13 + -7 + 1))?
10
Evaluate -11 + 17 + -19 + 16.
3
13 + (5 - (3 - -2 - 5)) - 1
17
Evaluate (0 + -27 - 0) + 216 + -207.
-18
What is -2 - ((8 - 0) + -5)?
-5
11 - ((0 - -11) + -8)
8
Calculate -18 + 11 - -8 - 3.
-2
What is the value of (1 - -3) + 59 + -58?
5
-10 + 2 + -1 + 165 + -177
-21
What is 18 + 4 + -6 + (-5 - -6)?
17
What is 123 - 94 - ((-3 + 3 - -2) + -1)?
28
What is the value of (1 + 3 - 4) + -4 - -6?
2
31 + (35 - 17) + -29
20
Evaluate -28 + 30 - (14 - 10).
-2
Calculate -19 + -1 - (7 + -18) - (2 - -8).
-19
-3 - (10 - 22) - 16
-7
What is the value of 2 - (19 + (-16 - (-11 + 4)))?
-8
5 + -1 + (6 - 11 - 3) - 0
-4
Evaluate (-31 - 1) + (26 - -10).
4
(-102 - -40 - -34) + 13 + -3
-18
Calculate 1 + -2 + 18 + (-45 - -47).
19
What is (56 - (54 + -13)) + 1 + -35?
-19
-4 + 27 + -16 + 1 + 3 + -13
-2
Evaluate -65 + 46 + (0 - -26).
7
What is 26 - -1 - (-52 - -52 - (3 - 7))?
23
Calculate 9 - 0 - (695 - 689).
3
0 + -1 + 16 - 12
3
Evaluate 37 - (-20 - (17 + -58)).
16
Evaluate (0 - 7) + 59 + -17 + -27.
8
What is 126 + -124 + (-12 - 0)?
-10
What is the value of 21 + (-3 + -2 - 7) + 0?
9
Evaluate -8 - (2 - (-8 + 19)).
1
What is -77 - -106 - (27 + -8)?
10
What is -23 + (1 - -21 - -16)?
15
Evaluate -17 + 45 + -20 + -3.
5
Calculate 5 + -11 + 9 + 36.
39
Calculate -22 + 3 + 7 + 1 + -14 + 10.
-15
15 - ((-16 - -29) + 22)
-20
What is (10 + (4 - 20) - -10) + -17?
-13
Evaluate -26 + 23 - (-2 + 0) - (2 - 6).
3
What is (15 - 15) + (-3 - (3 - 20))?
14
Evaluate -17 - (-34 + -30 + 45).
2
What is the value of (-44 - (0 - (6 - 4))) + 224 + -215?
-33
Calculate (13 - -2 - 1) + 75 + -82.
7
Evaluate 17 + -68 + 55 + 2 + (-2 - 20).
-16
-2 + (1 - 6) + 13 + -5 + 9
10
What is 79 - 33 - (-5 - -32)?
19
Evaluate (-10 - 13) + 31 + 2 + -7 + -18.
-15
Calculate -401 + 408 - (12 + -1).
-4
What is -12 + 1 - (-10 + -4 + 2 - -13)?
-12
What is (2 - 0) + 10 + -5?
7
What is -16 + 2 + 24 + -15?
-5
Calculate 7 + 11 - (44 - 42).
16
What is the value of -21 + 27 - -29 - 47?
-12
What is 6 + (4 - 2) + -1?
7
What is 11 + 1 - (11 - -3)?
-2
Evaluate 3 + 3 + (0 + -13 - 4) - -2.
-9
(-7 - 1) + (36 - -5) + -33
0
Calculate 8 + -14 + (2 - 21).
-25
Calculate -23 - ((16 - (-9 - -11)) + -17).
-20
What is 17 + -16 + -7 + 14?
8
Evaluate (532 - 528) + 3 + 2.
9
What is the value of -10 - (-9 + -5) - 29 - (2 - 13)?
-14
Calculate -149 + 151 + -2 + -2.
-2
Calculate 3 - (-10 + 22) - -13 - -12.
16
What is the value of -22 + 10 + -7 + 27 + -11?
-3
What is (-1 - 3) + 657 + -658?
-5
Evaluate 13 + -18 - 9 - -2.
-12
(21 - -3) + (100 - 124)
0
Calculate -21 - (-17 - -5) - (-1 - (-7 + 2)).
-13
Evaluate 7 + 0 + (-9 - -1) - -20.
19
What is 5 - (10 - (-12 + 6 - -5))?
-6
20 + -52 + (0 - -40)
8
What is the value of -19 + 26 + 1 + -5 + -2?
1
What is 6 + 3 + (-7 - -6)?
8
Calculate 2 + 12 - (321 - 304).
-3
What is 4 - (-13 + 11 + -4 + 11)?
-1
Calculate -7 - (4 + -7) - (-2 - (-2 + 0)).
-4
Calculate -8 - (-1 + 6) - (3 + (-2 - -2)).
-16
Evaluate 11 - (12 + -2 - -5).
-4
What is 64 + -48 - (4 + 3)?
9
-17 - (-19 + 32 - 9)
-21
What is the value of (20 - 25) + (31 - 13)?
13
Evaluate (-10 - -2) + (-9 + 7 + 3 - 10).
-17
Calculate -29 + 37 + 3 + 24.
35
What is (9 - 6) + -10 + (-7 - -8 - 8)?
-14
Evaluate (16 - 42) + 32 + 11.
17
Calculate 72 - (2 - -37) - (9 + (-2 - -3)).
23
Calculate 44 + -82 - (-71 - -6).
27
16 + 1 + -32 + 35 + (-2 - -11)
29
Evaluate (-3 - -1) + 5 + 30 - (-7 + 6).
34
-42 - (-14 + -42 + 40)
-26
What is -4 + (19 - 27) + 1 + 3?
-8
What is the value of 3 + -8 - (-21 + 6 - -24)?
-14
What is the value of (2 - 2) + (-10 - (23 + -28))?
-5
What is (22 - (14 - 3)) + -7 + (-34 - 1)?
-31
What is the value of (-1 + 18 - (18 + -8)) + -24 - 6?
-23
2 + -5 + (15 + 1 - (6 + -1))
8
Evaluate (-19 - (21 - 51)) + -16.
-5
What is -8 - (-15 + 5 + 1 + 2) - 8?
-9
Calculate 14 - 1 - (574 + -578).
17
Evaluate -1 - 49 - (-3043 - -3027).
-34
What is (-5 - (12 - 5)) + (6 + -2 - 1)?
-9
(3 - 6) + -3 - (-16 + -14)
24
Calculate 4 - 3 - ((-20 - -15) + (1 - 0)).
5
-28 - -46 - (11 - -1)
6
27 + -8 + (-4 - 2) - -18
31
Calculate 37 - 15 - 20 - (11 - 0) - -25.
16
5 + (-16 - -19) - (13 - 2)
-3
Evaluate 16 + (10 - -7) + -38.
-5
Calculate 3 - (2 + 0 + -6 + -2 + -4).
13
What is the value of -59 + 21 + 31 - (-12 - (-3 - -1))?
3
What is the value of 1 + 28 + (-12 - (-5 + 19 + -21))?
24
Calculate (9 - -4) + (146 - 126).
33
What is the value of 3 + 39 + (-16 - (3 + -14 + 5))?
32
Calculate -14 + (3 - -4) + 6 + -9.
-10
Calculate (-5 - (3 + -2)) + 0 - 4.
-10
What is -13 - ((-20 - 0) + 12)?
-5
What is 19 - 5 - 24 - 0?
-10
Evaluate -6 - -21 - (4 + (4 - 9) - -1).
15
What is the value of (-2 - -2) + (2 - 23) - (23 + -31)?
-13
3 + (9 + -10 - -14) + -50
-34
(0 - -3) + -12 + 3 + -7 + 1
-12
Evaluate -1 + (6 - (6 - 3)) + 0.
2
(9 + -8 - 10 - -12) + 2
5
Evaluate 9 - (-40 - -15 - -69).
-35
Calculate -18 + -3 + (-10 - -12) - -2.
-17
What is the value of (-3 - 1) + 2 - 1?
-3
Evaluate (1 - 1) + 12 + 185 + -180.
17
What is the value of (3 - (-24 + -4)) + -50?
-19
What is -10 - (-35 + 20 + 36)?
-31
Evaluate -17 + ((-12 - -6) + -11 + 7 - -7).
-20
What is (-2 - (-2 - (8 + -1 - 11))) + 2?
-2
Calculate 7 - (3 - (4 + 0 + -7 + -20)).
-19
Calculate 8 + (3 - (-18 + 18) - (0 + -1)).
12
-25 + 18 - (0 - 9 - -4 - -2)
-4
What is 2 + 11 + (-9 + -1 - (-17 + 13))?
7
What is 15 - (9 - 7) - 23?
-10
43 - (-126 + 146 - (0 - (-3 + -9)))
35
61 + -61 - (7 - (-5 + 3))
-9
Evaluate 46 + (-45 - -15) - -22.
38
(27 - 37) + (0 - -9) - -5
4
Calculate 28 + -19 + (4 + -5 - -2) + 11.
21
What is 10 - (0 + 2 + 6 + -7 + 6)?
3
What is -15 + (-13 + -6 - -10) + (17 - 1)?
-8
What is the value of 1 - (-6 - (-2 + 4 - 0) - -6)?
3
-1 - (-8 - (0 - (-2 - -3) - 3))
3
Evaluate (-2 - -5) + (-3 - -9) + (-25 - -37).
21
-25 + 58 + -11 + -31
-9
Evaluate 6 + 7 + 2 + 7 + -3.
19
Evaluate 8 + (3 - 9) - (-3 - 7 - -10).
2
What is (24 - -3) + -16 - ((-9 - -3) + 1)?
16
What is (13 - 9) + -9 - (2 + -4)?
-3
5 + -1 - (3 + 2 - (7 - 16))
-10
What is the value of 7 - (-2 + 1) - (23 + -23 + 4)?
4
What is the value of -16 + 36 + -11 + (-23 - 5)?
-19
-2 - (9 - (-5 - -20))
4
What is -7 + 2 + -2 + 19 + 16 - -2?
30
Calculate -1 + 2 - (5 + -7 - (-3 - 5)).
-5
Evaluate -1 + -7 - (-6 + -5 - 8).
11
Calculate (11 - 2 - 3 - (3 - 0)) + 5.
8
What is the value of -31 + 21 + -4 - (-8 - (-2 + 1))?
-7
Evaluate (2 - 18) + (29 - (77 - 37)).
-27
What is the value of 1 + 3 + -1 - (-15 + (-6 - -8))?
16
Calculate (12 - (-3 + 4)) + (3 - 1 - 11).
2
Calculate ((-5 - 1) + -7 - 19) + 9.
-23
Evaluate -7 + 1 - ((10 - (-7 - -2)) + -5).
-16
Evaluate 0 + -7 + -4 + (13 + 0 - 4).
-2
What is 7 + (-8 - (-5 - -2))?
2
(36 - 89) + 44 - (8 + -2)
-15
Calculate -15 + 8 - 7 - (0 - (8 + -6)).
-12
What is the value of (7 - 1 - 4) + (26 - 60)?
-32
Evaluate 26 + -21 + -37 + 6.
-26
60 + -34 - (-3 - -9 - 4)
24
Calculate 0 + -23 + (18 + -23 + 4 - 1).
-25
Calculate (23 - (56 - -4)) + 18.
-19
Calculate -8 + 10 + -5 + (